4.
-1022
15 (base 15) to base 10
20
-6 (base 7) to base 5
-11
Convert 3 (base 7) to base 2.
11
Convert -1 (base 14) to base 6.
-1
16 (base 16) to base 5
42
What is -3 (base 13) in base 2?
-11
-52 (base 14) to base 5
-242
30 (base 12) to base 3
1100
Convert 5 (base 8) to base 5.
10
Convert -72 (base 8) to base 16.
-3a
231 (base 4) to base 9
50
Convert 31 (base 6) to base 8.
23
Convert 11 (base 8) to base 16.
9
What is 5 (base 16) in base 11?
5
Convert 0 (base 11) to base 12.
0
What is -1 (base 11) in base 15?
-1
1c (base 13) to base 2
11001
-4 (base 13) to base 8
-4
-1023 (base 4) to base 10
-75
32 (base 10) to base 16
20
2 (base 8) to base 11
2
75 (base 13) to base 14
6c
What is 0 (base 8) in base 3?
0
Convert 13 (base 8) to base 4.
23
What is 3 (base 15) in base 9?
3
12 (base 5) to base 2
111
What is 134 (base 16) in base 13?
1a9
-410 (base 10) to base 13
-257
Convert 2 (base 12) to base 7.
2
What is 1011 (base 2) in base 3?
102
What is -27 (base 13) in base 12?
-29
Convert -2020 (base 5) to base 13.
-170
Convert 2 (base 5) to base 10.
2
What is -23 (base 8) in base 5?
-34
What is 25 (base 16) in base 5?
122
2 (base 4) to base 13
2
What is -16 (base 11) in base 5?
-32
What is b (base 12) in base 10?
11
What is 7 (base 8) in base 14?
7
100 (base 2) to base 3
11
Convert 22 (base 5) to base 16.
c
0 (base 2) to base 5
0
-2 (base 10) to base 12
-2
What is 33 (base 12) in base 7?
54
Convert 13 (base 16) to base 4.
103
3 (base 7) to base 16
3
-2032 (base 4) to base 12
-ba
What is 0 (base 3) in base 16?
0
1012 (base 4) to base 7
130
Convert 3 (base 8) to base 16.
3
What is -5 (base 14) in base 2?
-101
Convert -96 (base 12) to base 9.
-136
What is 2 (base 16) in base 4?
2
-3 (base 14) to base 3
-10
Convert c2 (base 13) to base 16.
9e
What is 11 (base 4) in base 8?
5
Convert ca (base 16) to base 15.
d7
2104 (base 5) to base 12
1b3
Convert 122 (base 9) to base 3.
10202
What is 2 (base 10) in base 6?
2
10101 (base 2) to base 15
16
-7 (base 9) to base 14
-7
What is -101000 (base 2) in base 14?
-2c
What is 1 (base 3) in base 8?
1
Convert -5 (base 6) to base 3.
-12
What is 20 (base 4) in base 6?
12
Convert 29 (base 13) to base 3.
1022
What is -32 (base 14) in base 9?
-48
What is 12 (base 4) in base 2?
110
What is 11 (base 2) in base 9?
3
What is 0 (base 8) in base 11?
0
-13 (base 14) to base 15
-12
-5 (base 15) to base 4
-11
What is c1 (base 13) in base 10?
157
What is 2220 (base 3) in base 9?
86
Convert -25 (base 6) to base 11.
-16
1 (base 11) to base 4
1
What is 120 (base 4) in base 2?
11000
-33 (base 10) to base 15
-23
-10 (base 10) to base 6
-14
0 (base 7) to base 2
0
Convert 211 (base 3) to base 16.
16
Convert 3 (base 9) to base 6.
3
What is 11110 (base 2) in base 14?
22
Convert -11100 (base 2) to base 13.
-22
131 (base 13) to base 8
321
-4 (base 11) to base 7
-4
-66 (base 10) to base 3
-2110
-1 (base 8) to base 14
-1
-102 (base 3) to base 9
-12
Convert 2 (base 11) to base 14.
2
Convert -9 (base 12) to base 13.
-9
What is 133 (base 8) in base 3?
10101
b (base 12) to base 13
b
Convert -51 (base 14) to base 13.
-56
-6 (base 7) to base 13
-6
Convert -44 (base 8) to base 6.
-100
2 (base 15) to base 9
2
Convert -e6 (base 15) to base 9.
-260
Convert -235 (base 8) to base 2.
-10011101
What is 65 (base 12) in base 14?
57
Convert 113 (base 8) to base 6.
203
What is -c2 (base 14) in base 11?
-145
Convert 50 (base 11) to base 16.
37
3 (base 6) to base 15
3
Convert -10 (base 15) to base 4.
-33
Convert 10 (base 9) to base 8.
11
What is -52 (base 7) in base 14?
-29
-3 (base 16) to base 2
-11
What is 20 (base 14) in base 6?
44
-35 (base 7) to base 11
-24
Convert -7 (base 11) to base 14.
-7
-3 (base 5) to base 11
-3
Convert 2 (base 14) to base 4.
2
40 (base 8) to base 6
52
6 (base 8) to base 2
110
-38 (base 9) to base 3
-1022
Convert 50 (base 6) to base 7.
42
Convert c (base 14) to base 13.
c
Convert 30 (base 9) to base 5.
102
0 (base 10) to base 5
0
What is 0 (base 2) in base 15?
0
What is 15 (base 12) in base 10?
17
What is 21 (base 6) in base 8?
15
What is -45 (base 7) in base 15?
-23
-112 (base 3) to base 8
-16
What is 73 (base 16) in base 8?
163
Convert -665 (base 7) to base 13.
-203
61 (base 15) to base 14
67
Convert 0 (base 2) to base 15.
0
What is -1 (base 14) in base 4?
-1
Convert 75 (base 11) to base 13.
64
What is 2 (base 9) in base 6?
2
Convert -254 (base 6) to base 10.
-106
What is -151 (base 8) in base 11?
-96
-3 (base 16) to base 4
-3
a2 (base 15) to base 4
2120
20 (base 8) to base 12
14
What is 6 (base 13) in base 16?
6
Convert 9 (base 11) to base 10.
9
Convert -1 (base 7) to base 8.
-1
Convert b2 (base 13) to base 4.
2101
Convert 0 (base 2) to base 3.
0
What is 41 (base 6) in base 9?
27
Convert -11 (base 6) to base 14.
-7
What is -a (base 15) in base 16?
-a
Convert -141 (base 5) to base 7.
-64
4 (base 12) to base 4
10
What is -1001 (base 3) in base 7?
-40
Convert -1 (base 14) to base 13.
-1
-9 (base 16) to base 6
-13
Convert -11111 (base 2) to base 16.
-1f
Convert -5 (base 9) to base 13.
-5
Convert 5 (base 11) to base 4.
11
What is 133 (base 9) in base 7?
216
b (base 15) to base 12
b
Convert -22 (base 11) to base 4.
-120
-55 (base 7) to base 4
-220
Convert 12 (base 4) to base 5.
11
Convert -42 (base 7) to base 8.
-36
-1 (base 8) to base 10
-1
Convert -11020 (base 3) to base 14.
-82
Convert 6 (base 12) to base 16.
6
Convert 4 (base 15) to base 2.
100
-11 (base 10) to base 2
-1011
Convert -1 (base 5) to base 15.
-1
Convert -4 (base 16) to base 5.
-4
What is 132 (base 4) in base 12?
26
What is -2e (base 16) in base 14?
-34
Convert 13 (base 6) to base 5.
14
41 (base 13) to base 14
3b
What is -6 (base 8) in base 10?
-6
Convert 31 (base 7) to base 15.
17
What is -242 (base 8) in base 14?
-b8
What is 1 (base 13) in base 9?
1
-1200 (base 4) to base 8
-140
2 (base 13) to base 11
2
Convert 4 (base 9) to base 4.
10
What is -3 (base 5) in base 3?
-10
-5 (base 15) to base 7
-5
What is 28 (base 13) in base 4?
202
Convert -10111111 (base 2) to base 13.
-119
What is 11 (base 5) in base 10?
6
-3 (base 4) to base 7
-3
Convert 1 (base 14) to base 4.
1
What is -22 (base 4) in base 11?
-a
Convert 2 (base 9) to base 10.
2
101 (base 2) to base 9
5
Convert 42 (base 11) to base 8.
56
Convert 3 (base 6) to base 15.
3
What is -10 (base 7) in base 13?
-7
Convert 130 (base 6) to base 10.
54
-1 (base 15) to base 16
-1
Convert -100 (base 2) to base 4.
-10
Convert 0 (base 7) to base 9.
0
Convert -1 (base 14) to base 5.
-1
-7 (base 11) to base 16
-7
Convert 3 (base 5) to base 2.
11
What is 109 (base 16) in base 13?
175
Convert -32 (base 7) to base 11.
-21
42 (base 12) to base 13
3b
Convert 1100 (base 3) to base 16.
24
What is -177 (base 8) in base 16?
-7f
18 (base 10) to base 5
33
What is -200 (base 3) in base 11?
-17
7 (base 12) to base 2
111
Convert -221 (base 9) to base 10.
-181
What is 100 (base 2) in base 16?
4
What is -34 (base 7) in base 6?
-41
7 (base 12) to base 5
12
-6 (base 10) to base 15
-6
What is 60 (base 16) in base 2?
1100000
5 (base 13) to base 7
5
-d (base 15) to base 3
-111
What is -181 (base 9) in base 14?
-b0
What is 1210 (base 3) in base 6?
120
What is -254 (base 6) in base 11?
-97
2 (base 3) to base 15
2
-11 (base 5) to base 15
-6
Convert -22 (base 7) to base 13.
-13
What is -10111 (base 2) in base 10?
-23
Convert 30 (base 6) to base 8.
22
Convert 66 (base 7) to base 15.
33
Convert -26 (base 11) to base 4.
-130
What is -122 (base 3) in base 6?
-25
-12 (base 9) to base 5
-21
Convert 0 (base 10) to base 14.
0
What is -2123 (base 4) in base 14?
-b1
Convert 0 (base 7) to base 15.
0
Convert -4 (base 9) to base 14.
-4
12 (base 8) to base 5
20
Convert -24 (base 7) to base 11.
-17
Convert 20 (base 3) to base 9.
6
375 (base 8) to base 2
11111101
What is -2020 (base 5) in base 6?
-1112
Convert -10 (base 2) to base 5.
-2
Convert -4c (base 13) to base 9.
-71
22 (base 3) to base 13
8
Convert 452 (base 6) to base 5.
1201
What is -101110001 (base 2) in base 11?
-306
Convert -1 (base 13) to base 15.
-1
What is -24 (base 6) in base 8?
-20
Convert 3 (base 8) to base 5.
3
What is -17 (base 16) in base 5?
-43
What is -11 (base 4) in base 11?
-5
What is -154 (base 7) in base 12?
-74
Convert 112 (base 4) to base 2.
10110
Convert 2 (base 15) to base 13.
2
ec (base 15) to base 5
